4 + 129)) + 11.
-25
Calculate -1 - (14 + 25 + -47).
7
What is 47 + -4 - (-493 + 553)?
-17
What is the value of (-25 + 25 - (10 + 0)) + 5 + 13?
8
What is the value of 4 + 2 + -3 + 6 - (5 - -2)?
2
What is the value of 834 - 841 - (-36 - -1)?
28
What is -1 + -6 + (-114 - -114) + 10 - -21?
24
Calculate (-2 - 2 - 18) + 14.
-8
What is the value of -7 + 11 + (-5 - (-1 + -2))?
2
Calculate 1 + 2 + (15 + -5 - 10).
3
What is -22 + 2 + (-3 - 11 - (6 - 20))?
-20
Calculate (8 + -15 - -5) + -18.
-20
What is the value of (14 - 5) + -14 - -15?
10
2 + -20 + (1 - 4 - -11)
-10
What is the value of 21 - 37 - (0 + (5 - 4) + 11)?
-28
Calculate 3332 + -3354 - (0 + 1).
-23
Calculate -12 - -11 - (97 + -83).
-15
Calculate 25 + (-4 - 5 - -20 - 26).
10
Calculate (-3 - (7 - (-7 - -8))) + -2.
-11
What is the value of 5 + -1 - ((-1 - -1 - 3) + 3)?
4
What is -25 + 9 + 6 - (-4 + 1)?
-7
Evaluate (-487 - -496) + (4 - 0).
13
Evaluate 1 - 0 - 26 - (337 - 346).
-16
What is (-1 - -4) + (35 - 36) - 12?
-10
What is the value of (-10 - (-12 + 8 + -6)) + (3 - 0)?
3
-27 + 44 + (-32 - -6)
-9
Evaluate -13 + (35 - (2 + 4)).
16
Calculate 26 - (64 - 13) - -22.
-3
Calculate 118 + -100 + (2 - 22).
-2
What is the value of 0 + -18 + -74 + 16 + 49?
-27
0 + (-1 - -4 - 2 - 3 - -28)
26
2 - ((7 + 1 + -3 - 5) + 3)
-1
Calculate -10 - (-7 - (5 - -27)) - -4.
33
(13 - (16 - -4)) + 18
11
What is 2 - ((5 - -5) + -8) - 5?
-5
What is 12 + -9 + 6 + -15 + -3 + -1?
-10
Calculate (228 - 224) + (19 - 2).
21
Calculate -12 + 1 + 1 + -9 + 8.
-11
What is the value of 7 + (-10 - (9 - 9)) - -9?
6
Calculate (2 - 27) + -4 + 10 - 17.
-36
What is the value of 4 + 0 + (2 - (-12 - (-9 + 0)))?
9
3 + -1 + (5 - 8) + 2 - 5
-4
What is -7 + -13 + 17 + 4 + 0?
1
-2 + -6 - (2 + -3)
-7
Evaluate -13 + (-8 - (-7 + -3 + -5)).
-6
Calculate (-1 + -5 - (-5 - (-10 + 11))) + 2.
2
(23 + 2 - 0 - 10) + -4
11
14 + 1 + (1233 - 1269)
-21
What is 3 - ((2 - 18) + 5) - 0 - 3?
11
What is the value of 0 - (12 + 13 + -37)?
12
-5 + 5 + 18 + -31
-13
What is the value of (-2 - -3) + -5 + (-104 - -90)?
-18
What is 12 - (-9 - -20) - 2?
-1
-9 + -1 + (44 - (58 - 19)) + 11
6
Calculate (3 + -1 - (28 + -28)) + (13 - 17).
-2
Evaluate 9 - (5 + -15 + (39 - 7) + 9).
-22
What is the value of 59 + (7 - 37) - (-6 + 4 + -8)?
39
Calculate 4 + 15 + (-31 - -19).
7
Calculate -204 - -203 - (28 + 0).
-29
What is 0 - -33 - (-1251 - -1310)?
-26
What is 5 + (-2 - -8 - (-3 - -6)) + -4?
4
Calculate 29 - ((-7 - -1) + 31).
4
Calculate -19 + 37 + (1 - 3) - 12.
4
Evaluate -24 + 14 - -9 - 3.
-4
What is 14 - (-8 + 19 - 15) - -11?
29
What is (-8 - (4 + (5 - 7) + -18)) + -21?
-13
What is the value of (-112 - -160) + -67 - (-28 + 0)?
9
(2 - (-6 - (5 + -13)) - 26) + -8
-34
-6 + (-8 - (-9 + -3 - -4 - -5))
-11
3 + (31 - (-9 - -26) - 5)
12
Evaluate -13 + -1 + (166 - 68) + -50.
34
Evaluate -68 + 129 + -58 - (-1 - -16).
-12
(1 - 3) + -9 + 3 + 2
-6
Evaluate -18 - -25 - (-7 - -4).
10
Evaluate -3 + (6 - (19 + (8 - 16))) + 31.
23
-22 + -5 + 22 + -4 + -4 + -6
-19
What is the value of -14 - (5 - -3 - 19)?
-3
What is the value of (-9 - (31 - 18)) + 11 - 10?
-21
What is the value of (1 - 23) + 54 + -42?
-10
What is the value of 12 - (26 + -11 - 23)?
20
Calculate 36 + 6 - (54 - 22).
10
Calculate -20 + 14 + 34 - 11.
17
What is the value of 248 - 258 - (0 - (0 + (0 - 0)))?
-10
What is the value of -3 - (-32 - -10) - 44?
-25
What is the value of -5 + -1 - (4 + (45 - 12 - 12))?
-31
What is the value of (-85 - -99 - (0 + 0)) + 2?
16
1 - (-8 + (-15 - -26) + -11)
9
What is the value of (-2 - (-3 - 5)) + -10 + 17?
13
Calculate -1 - -67 - (2003 + -1966).
29
-19 + -1 + 2 - 5
-23
What is -11 + 5 + (-5 - (18 - 8)) + 8?
-13
Evaluate (1 - 1) + (-220 - -205) + (-1 - -6).
-10
What is the value of (-2 - (39 + -48)) + -1?
6
What is the value of -14 + 22 + -30 - -7?
-15
What is the value of -2 + 2 + (-21 - -9) + 3 + -1?
-10
(-11 - -3 - -15) + 9 + -19 + 6
3
What is the value of -11 + -18 - (31 + -48)?
-12
Calculate -9 - 1 - (434 - 422).
-22
What is the value of (-29 - -30) + (2 - (7 + 1))?
-5
What is the value of 8 + (-2 - -1 - 10) + -3 + 10?
4
Evaluate (26 - 24) + 1 + (14 + -3 - 3).
11
Evaluate 12 + 1 + (386 - 413).
-14
12 - (4 + -22 + 35)
-5
What is the value of -44 + 50 + -14 - (1 - 1)?
-8
What is the value of (7 - -2) + (5 - 28)?
-14
What is 1 + 2 + (19 - 32) + 18 + -16?
-8
What is the value of 17 - (2 + 11) - (-1 + -1)?
6
What is -1 - (-2 + -12) - (-28 - (52 - 71))?
22
Calculate (-4 + (8 - (-5 - 0)) - 18) + -6.
-15
-5 - ((8 - -5) + -14) - (-2 - -3)
-5
Calculate 15 - 7 - 11 - -12.
9
Evaluate -1 - 8 - (-21 - (7 + -1) - 2).
20
Calculate 15 + -3 + 1 + -1.
12
Evaluate -785 + 777 - (-4 + 0 - -1).
-5
Calculate (97 - 91) + (1 - -1) + 2.
10
What is the value of 22 + (-20 - -32) - 55?
-21
(17 - (74 + -58)) + (-15 - (0 + 1))
-15
What is the value of -65 + 74 - (-3 - (-2 - (0 + -5)))?
15
What is the value of (0 - -2) + (15 - 4) + 0 + -1?
12
What is (-23 - -7) + 3 - (3 - 3 - 3)?
-10
What is the value of -1 + -3 + 4 + (-8 - -4) + 4?
0
What is the value of -5 + -2 + (-14 - -11) + 4?
-6
What is the value of -10 + (1 - (-5 + 8)) + 9?
-3
Evaluate -9 - (4 + (0 - -4 - (-5 - -13))).
-9
Calculate (2 - 0 - 3 - -4) + -7 + 12.
8
Calculate -2 + 6 + (15 - 6) + 0.
13
7 + -4 - 18 - (-158 + 175)
-32
What is the value of -3 - (15 + -32 - 1)?
15
What is the value of 2 + (15 - 8) - 14 - 3?
-8
What is the value of 9 - ((22 - -1) + (-21 - (-26 - -13)))?
-6
What is -3 + (70 + -72 - (1 - 7))?
1
What is the value of -5 + 5 + (0 - 10) + -1?
-11
(11 - 11) + (-4 - -14)
10
What is -1 + 3 + 12 + (14 - 27)?
1
Calculate 97 + -119 - (-11 - 24).
13
7 - 12 - (-16 + 20)
-9
What is the value of -3 + 42 + -23 + -40?
-24
Evaluate 236 + -204 - (-12 - 1) - 3.
42
What is the value of -42 + 36 - (-2 + -12) - -7?
15
Calculate (4 - (21 - 8)) + (0 + 3 - -5).
-1
(-2 - -2 - (24 - 23)) + -16
-17
-13 + 7 - -1 - 3 - 1
-9
Evaluate 6 + (-17 - 11) + -6 + (7 - -2).
-19
Evaluate -29 - (-20 + (-33 - -26)).
-2
Evaluate 0 + (21 - 7) + -2 + 12.
24
Evaluate -2 + 1 - (-1 + 24 + -123 + 130).
-31
What is the value of 1 - (11 + 1) - (1 - -6)?
-18
Evaluate 32 - (18 - (-18 + 5 + 14)).
15
Evaluate (-1 - 0) + 2 - (-12 + -3 + 6).
10
What is (613 - 598) + -25 + 0?
-10
What is the value of -33 + 51 + -21 + 28?
25
What is the value of -5 - (-2 + -2 + -9 + -2)?
10
Calculate (39 - 14) + -43 - (0 + -2).
-16
Evaluate -2 + 10 + (-17 - -8) + 18.
17
What is (6 - (2 + -2 + 3)) + (-11 - -16)?
8
Calculate 82 - 78 - ((29 - 35) + -1 + 1).
10
33 + (29 - (-10 - -67))
5
Calculate 35 - (-19 + 75) - -43.
22
Calculate 15 + (-3 - (-6 + 13) - -16) - 8.
13
Evaluate 1 + (-12 - 4) - (59 + -60).
-14
Calculate 4 + (53 - 39 - 34).
-16
What is 5 - (11 - (9 + 6 + -14))?
-5
What is -4 + (-2 - -13) + -14 + -6?
-13
Evaluate 42 + -53 - (-5 + 3 + -2).
-7
What is the value of -17 - (13 - 18) - -8?
-4
Calculate 3 + (-17 - -2) + 4 + -6 + 9.
-5
Calculate 21 - 9 - -2 - 16.
-2
72 - 87 - (0 + -1 - -10 - 2)
-22
What is 494 + -471 - (-1 + 43)?
-19
What is the value of -22 + (-2 - (5 - 9) - -4)?
-16
What is the value of -3 - (-4 + 2) - (-1 - 6) - 5?
1
What is the value of 24 - (-2 + (1 - 3)) - 9?
19
What is the value of 42 + -53 - -33 - (-3 - (-11 - -1))?
15
5 - (-11 + 14 - -2)
0
(-5 - 16) + 10 + -1 - -14
2
What is -2 - 0 - (-16 - (7 + -22))?
-1
-7 + (5 + -3 - (5 + -10))
0
What is (2 - 6 - (-18 - (-10 - -1))) + -14?
-9
What is the value of -6 + (-23 + 20 - (-2 - -6 - 4))?
-9
What is the value of -6 + -3 - -3 - (23 - (-8 + 9))?
-28
What is 9 - (-27 + (10 - 1)) - (-2 + 11)?
18
What is the value of -5 - (8 + (-4 - 0)) - (-3 + 1)?
-7
What is -10 - (0 + -1 - (-50 + 70))?
11
What is the value of (-6 - (-2 - -6)) + 5 - 6?
-11
What is (-20 + 6 - 5) + -4 + -10 + 16?
-17
What is (22 + 13 - 31) + 0 + -1 + -5?
-2
What is the value of (4 - 6 - 4 - -2) + (18 - 11)?
3
7 + -8 - (-3 - (-9 - -5) - -5)
-7
Evaluate 1 + (-14 - -8) + -5 + 2.
-8
Calculate -5 + (-280 - -306 - (-5 - -1 - 1)).
26
What is (-10 - 0) + (11 - 0) + -17 + -8?
-24
Evaluate 8 - 1 - (-185 - -213).
-21
Evaluate -5 + 0 - -6 - (2 + 8) - -4.
-5
What is -28 + -4 - -31 - (-10 - 0)?
9
Calculate 13 + -10 + (-5 + 4 - -7).
9
Calculate (-24 - 5) + (17 - (9 + 1) - 3).
-25
Calculate -1 + 1 + -26 + (-21 + 4 - -22).
-21
Evaluate -5 + (9 - -1) + -3 - -4.
6
(-12 - 8) + 36 - -8
24
Evaluate 21 - (-12 + 9 - -16).
8